59?
12
What is the remainder when 38765 is divided by 12921?
2
Calculate the remainder when 1118 is divided by 59.
56
What is the remainder when 1403 is divided by 139?
13
What is the remainder when 2685 is divided by 666?
21
What is the remainder when 1759 is divided by 40?
39
Calculate the remainder when 77 is divided by 19.
1
What is the remainder when 6152 is divided by 35?
27
Calculate the remainder when 1060 is divided by 493.
74
Calculate the remainder when 60 is divided by 3.
0
Calculate the remainder when 417 is divided by 124.
45
Calculate the remainder when 449 is divided by 112.
1
Calculate the remainder when 374 is divided by 16.
6
What is the remainder when 1193 is divided by 10?
3
Calculate the remainder when 1086 is divided by 332.
90
What is the remainder when 79 is divided by 5?
4
Calculate the remainder when 2696 is divided by 134.
16
What is the remainder when 797 is divided by 38?
37
Calculate the remainder when 59 is divided by 20.
19
Calculate the remainder when 265 is divided by 7.
6
What is the remainder when 1791 is divided by 58?
51
Calculate the remainder when 27 is divided by 14.
13
What is the remainder when 227 is divided by 88?
51
What is the remainder when 1584 is divided by 97?
32
Calculate the remainder when 60 is divided by 14.
4
What is the remainder when 306 is divided by 159?
147
What is the remainder when 1210 is divided by 596?
18
What is the remainder when 84 is divided by 23?
15
Calculate the remainder when 26159 is divided by 206.
203
What is the remainder when 1422 is divided by 34?
28
Calculate the remainder when 37 is divided by 5.
2
What is the remainder when 2668 is divided by 10?
8
What is the remainder when 58 is divided by 23?
12
What is the remainder when 684 is divided by 17?
4
What is the remainder when 191 is divided by 39?
35
What is the remainder when 309 is divided by 170?
139
Calculate the remainder when 1361 is divided by 39.
35
Calculate the remainder when 274 is divided by 69.
67
Calculate the remainder when 384 is divided by 117.
33
What is the remainder when 214 is divided by 36?
34
Calculate the remainder when 92 is divided by 31.
30
What is the remainder when 89 is divided by 15?
14
Calculate the remainder when 1843 is divided by 41.
39
Calculate the remainder when 52 is divided by 31.
21
What is the remainder when 86 is divided by 14?
2
What is the remainder when 13663 is divided by 204?
199
Calculate the remainder when 318 is divided by 46.
42
Calculate the remainder when 1226 is divided by 404.
14
Calculate the remainder when 1365 is divided by 18.
15
What is the remainder when 152 is divided by 11?
9
What is the remainder when 10650 is divided by 18?
12
What is the remainder when 2473 is divided by 225?
223
Calculate the remainder when 105 is divided by 45.
15
What is the remainder when 41 is divided by 1?
0
What is the remainder when 677 is divided by 644?
33
Calculate the remainder when 3897 is divided by 75.
72
Calculate the remainder when 137 is divided by 130.
7
Calculate the remainder when 1850 is divided by 12.
2
Calculate the remainder when 65 is divided by 20.
5
What is the remainder when 1066 is divided by 530?
6
What is the remainder when 317 is divided by 156?
5
What is the remainder when 400 is divided by 192?
16
Calculate the remainder when 1183 is divided by 202.
173
Calculate the remainder when 5583 is divided by 4.
3
What is the remainder when 115 is divided by 31?
22
What is the remainder when 11284 is divided by 171?
169
Calculate the remainder when 20157 is divided by 80.
77
What is the remainder when 145 is divided by 76?
69
What is the remainder when 232 is divided by 30?
22
Calculate the remainder when 503 is divided by 36.
35
What is the remainder when 482 is divided by 22?
20
What is the remainder when 167 is divided by 28?
27
What is the remainder when 934 is divided by 85?
84
What is the remainder when 726 is divided by 14?
12
What is the remainder when 144 is divided by 18?
0
Calculate the remainder when 222 is divided by 32.
30
What is the remainder when 36 is divided by 3?
0
What is the remainder when 75 is divided by 18?
3
What is the remainder when 137 is divided by 14?
11
What is the remainder when 3551 is divided by 19?
17
Calculate the remainder when 1758 is divided by 40.
38
Calculate the remainder when 1375 is divided by 1369.
6
What is the remainder when 321 is divided by 25?
21
Calculate the remainder when 1375 is divided by 172.
171
Calculate the remainder when 46 is divided by 46.
0
What is the remainder when 99 is divided by 10?
9
Calculate the remainder when 2062 is divided by 45.
37
Calculate the remainder when 251 is divided by 51.
47
Calculate the remainder when 677 is divided by 98.
89
Calculate the remainder when 629 is divided by 39.
5
What is the remainder when 2239 is divided by 29?
6
What is the remainder when 120 is divided by 58?
4
Calculate the remainder when 128 is divided by 22.
18
Calculate the remainder when 12 is divided by 6.
0
What is the remainder when 45 is divided by 12?
9
What is the remainder when 50 is divided by 2?
0
Calculate the remainder when 114 is divided by 24.
18
What is the remainder when 38 is divided by 29?
9
Calculate the remainder when 441 is divided by 17.
16
What is the remainder when 1452 is divided by 471?
39
Calculate the remainder when 60 is divided by 21.
18
Calculate the remainder when 9 is divided by 4.
1
What is the remainder when 62 is divided by 33?
29
What is the remainder when 273 is divided by 46?
43
Calculate the remainder when 262 is divided by 33.
31
Calculate the remainder when 232 is divided by 225.
7
Calculate the remainder when 481 is divided by 121.
118
What is the remainder when 922 is divided by 28?
26
What is the remainder when 2098 is divided by 21?
19
Calculate the remainder when 406 is divided by 11.
10
Calculate the remainder when 540 is divided by 68.
64
What is the remainder when 1979 is divided by 44?
43
What is the remainder when 112 is divided by 79?
33
What is the remainder when 458 is divided by 21?
17
What is the remainder when 82 is divided by 7?
5
What is the remainder when 754 is divided by 95?
89
What is the remainder when 1539 is divided by 1?
0
Calculate the remainder when 4419 is divided by 339.
12
What is the remainder when 767 is divided by 4?
3
What is the remainder when 1446 is divided by 79?
24
What is the remainder when 203 is divided by 51?
50
Calculate the remainder when 123 is divided by 40.
3
Calculate the remainder when 35 is divided by 30.
5
What is the remainder when 151 is divided by 20?
11
What is the remainder when 1326 is divided by 63?
3
Calculate the remainder when 50 is divided by 6.
2
What is the remainder when 3905 is divided by 74?
57
What is the remainder when 33 is divided by 17?
16
Calculate the remainder when 281 is divided by 39.
8
What is the remainder when 232 is divided by 48?
40
What is the remainder when 91 is divided by 25?
16
Calculate the remainder when 34 is divided by 13.
8
What is the remainder when 2897 is divided by 69?
68
Calculate the remainder when 2357 is divided by 40.
37
What is the remainder when 1841 is divided by 4?
1
Calculate the remainder when 829 is divided by 169.
153
Calculate the remainder when 205 is divided by 4.
1
What is the remainder when 40 is divided by 19?
2
What is the remainder when 94 is divided by 8?
6
What is the remainder when 71 is divided by 20?
11
What is the remainder when 472 is divided by 6?
4
Calculate the remainder when 333 is divided by 7.
4
Calculate the remainder when 5398 is divided by 9.
7
What is the remainder when 881 is divided by 110?
1
What is the remainder when 81 is divided by 73?
8
Calculate the remainder when 12139 is divided by 138.
133
Calculate the remainder when 363 is divided by 25.
13
Calculate the remainder when 368 is divided by 96.
80
What is the remainder when 156 is divided by 43?
27
What is the remainder when 271 is divided by 21?
19
What is the remainder when 53 is divided by 26?
1
Calculate the remainder when 346 is divided by 50.
46
What is the remainder when 60 is divided by 40?
20
Calculate the remainder when 701 is divided by 39.
38
Calculate the remainder when 256 is divided by 86.
84
Calculate the remainder when 45 is divided by 12.
9